{"id":1350,"date":"2022-02-24T23:59:09","date_gmt":"2022-02-24T23:59:09","guid":{"rendered":"https:\/\/sierradeoportunidades.org\/?page_id=1350"},"modified":"2022-03-20T20:03:06","modified_gmt":"2022-03-20T20:03:06","slug":"pagina-de-inscripcion-ruta-senderista-la-montana-sagrada-27-marzo-2022","status":"publish","type":"page","link":"https:\/\/sierradeoportunidades.org\/index.php\/ruta-senderista-270322\/pagina-de-inscripcion-ruta-senderista-la-montana-sagrada-27-marzo-2022\/","title":{"rendered":"P\u00e1gina de Inscripci\u00f3n Ruta Senderista \u00abLa Monta\u00f1a Sagrada\u00bb 27 marzo 2022."},"content":{"rendered":"\n<p>&#8230;.  <strong>LISTA DE ESPERA<\/strong><\/p>\n\n\n\n<p class=\"has-colibri-color-3-color has-text-color\">RUTA SENDERISTA CIRCULAR \u00abLa Monta\u00f1a Sagrada\u00bb<\/p>\n\n\n\n<p>Gascue\u00f1a &#8211; Alto Rey &#8211; Bustares &#8211; Gascue\u00f1a<\/p>\n\n\n\n<div class=\"wp-block-columns is-layout-flex wp-container-core-columns-is-layout-9d6595d7 wp-block-columns-is-layout-flex\">\n<div class=\"wp-block-column is-layout-flow wp-block-column-is-layout-flow\" style=\"flex-basis:100%\">\n<h2 class=\"has-text-color wp-block-heading\" style=\"color:#f27bad\">TODAS LAS PLAZAS EST\u00c1N CUBIERTAS. <\/h2>\n\n\n\n<h2 class=\"has-text-color wp-block-heading\" style=\"color:#f27bad\">ABIERTA LA LISTA DE ESPERA<\/h2>\n\n\n\n<div class=\"wp-block-group\"><div class=\"wp-block-group__inner-container is-layout-flow wp-block-group-is-layout-flow\">\n<div class=\"forminator-guttenberg\"><\/div>\n<\/div><\/div>\n<\/div>\n<\/div>\n","protected":false},"excerpt":{"rendered":"<p>&#8230;. LISTA DE ESPERA RUTA SENDERISTA CIRCULAR \u00abLa Monta\u00f1a Sagrada\u00bb Gascue\u00f1a &#8211; Alto Rey &#8211; Bustares &#8211; Gascue\u00f1a TODAS LAS PLAZAS EST\u00c1N CUBIERTAS. ABIERTA LA LISTA DE ESPERA<\/p>\n","protected":false},"author":1,"featured_media":0,"parent":1324,"menu_order":1,"comment_status":"closed","ping_status":"closed","template":"","meta":{"footnotes":""},"class_list":["post-1350","page","type-page","status-publish","hentry"],"_links":{"self":[{"href":"https:\/\/sierradeoportunidades.org\/index.php\/wp-json\/wp\/v2\/pages\/1350","targetHints":{"allow":["GET"]}}],"collection":[{"href":"https:\/\/sierradeoportunidades.org\/index.php\/wp-json\/wp\/v2\/pages"}],"about":[{"href":"https:\/\/sierradeoportunidades.org\/index.php\/wp-json\/wp\/v2\/types\/page"}],"author":[{"embeddable":true,"href":"https:\/\/sierradeoportunidades.org\/index.php\/wp-json\/wp\/v2\/users\/1"}],"replies":[{"embeddable":true,"href":"https:\/\/sierradeoportunidades.org\/index.php\/wp-json\/wp\/v2\/comments?post=1350"}],"version-history":[{"count":6,"href":"https:\/\/sierradeoportunidades.org\/index.php\/wp-json\/wp\/v2\/pages\/1350\/revisions"}],"predecessor-version":[{"id":1537,"href":"https:\/\/sierradeoportunidades.org\/index.php\/wp-json\/wp\/v2\/pages\/1350\/revisions\/1537"}],"up":[{"embeddable":true,"href":"https:\/\/sierradeoportunidades.org\/index.php\/wp-json\/wp\/v2\/pages\/1324"}],"wp:attachment":[{"href":"https:\/\/sierradeoportunidades.org\/index.php\/wp-json\/wp\/v2\/media?parent=1350"}],"curies":[{"name":"wp","href":"https:\/\/api.w.org\/{rel}","templated":true}]}}